ors of t?
2, 3
Let t be 8 + 3/(0 + 1). Suppose -t - 148 = -3*p. What are the prime factors of p?
53
What are the prime factors of (15 - 0)*(-3 - 2090/(-15))?
5, 409
Suppose 5*g + 29 = p + 99, 3*g + 3*p - 42 = 0. Suppose 0 = g*k - 10*k - 136. Suppose 5*a = k + 31. What are the prime factors of a?
13
Let a be 5 - 6/(-4)*2. Suppose -a*y - 117 = -11*y. List the prime factors of y.
3, 13
Let t be ((-4*6)/4)/(1/58). Let r = t + 541. List the prime factors of r.
193
Suppose 0 = -19*h + 27*h - 1880. List the prime factors of h.
5, 47
Let h(d) = 10*d**2 - 4*d - 2. Let z be h(1). Let f be (-20)/3*(-24)/10. List the prime factors of ((-16)/z - -2) + f.
2, 7
Suppose 4*w + 9 + 7 = 0. Let h(v) be the third derivative of -11*v**4/24 - 2*v**3/3 - 39*v**2. What are the prime factors of h(w)?
2, 5
Let j be 5/(-5) + (14 - 2). Suppose j*y = 7*y + 8. What are the prime factors of y?
2
Let p = 117 + -68. Let t = 1 + p. List the prime factors of ((-38)/(-5))/(20/t).
19
Let m(i) = 13*i - 183. What are the prime factors of m(20)?
7, 11
Let b be -3 + 30*10/3. Let q = 202 - b. List the prime factors of q.
3, 5, 7
Suppose -o - 4*i = 31, 2*i + 0*i + 137 = -5*o. Let l be 72/(-27)*o/4. Suppose -t + 3*t - l = 0. List the prime factors of t.
3
List the prime factors of 5/30 + (-1139)/(-6).
2, 5, 19
Let f = -129 + -746. List the prime factors of 2/(7/(f/(-10))).
5
Let l(z) = 51*z + 184. What are the prime factors of l(9)?
643
Let z = -59 - -56. What are the prime factors of 23 - (-2)/3*z?
3, 7
Let x be (-6*(-5)/60)/(1/4). Let j(b) = -b**3 - 6*b**2 - 4*b - 5. Let y be j(-6). Suppose -57 = -x*w - y. List the prime factors of w.
19
Suppose 35 = -g - 2*g - 5*n, -13 = g + 3*n. Let t = g + 30. What are the prime factors of t?
2, 5
Let y(z) = -z**2 - 4*z - 10. Let o(s) = -s**2 - 4*s - 9. Let a(p) = -7*o(p) + 6*y(p). Suppose 2*t + 386 = 370. List the prime factors of a(t).
5, 7
Suppose z - 3 + 0 = 0. Let b(d) = 14*d**3 - z*d**2 + 7 - 2 - 5*d - 13*d**3. What are the prime factors of b(5)?
2, 3, 5
Suppose 16*z - 40*z + 46200 = 0. List the prime factors of z.
5, 7, 11
Suppose 0 = q + 3*m - 134, -3*q + 4*m = m - 402. Suppose -5*y = -2*o + 61, -y + q = 4*o + y. What are the prime factors of o?
3, 11
Suppose 0 = -2*o + o + 14. What are the prime factors of 0 + (-1 - -5)*o?
2, 7
Let l = 23 + -16. Let v(b) = -29 + 0*b**2 + 3*b + b**3 + 33 + l*b**2. List the prime factors of v(-3).
31
Let w be 4/(-28) - 29/(-7). Suppose 2*m + 18 = r, -r + 3*m + 55 = 4*r. Suppose r = w*b + k - 52, -12 = 3*k. What are the prime factors of b?
2
Suppose 4*w + 509 = 1657. Suppose 7*v - w = 406. What are the prime factors of v?
3, 11
Let m = 600 - -655. What are the prime factors of m?
5, 251
Suppose 0 = 2*a - 4*a - 5*r + 19, 4*r - 4 = 4*a. Suppose -i - 3 = -4*i, -a*w + 4*i + 214 = 0. What are the prime factors of w?
109
Suppose 0 = l + 4*l - 2*i - 280, -3*l + i = -169. Suppose -l + 10 = -4*x. List the prime factors of x.
2, 3
Let w = -20 + 23. Suppose 4*z - 16 = 3*r, 3*z + 4 = -w*r + 4*z. Suppose -u - 169 = -4*c + 2*u, r = c - 5*u - 55. List the prime factors of c.
2, 5
Let p(f) = -f - 13. Let y be p(-8). What are the prime factors of (y - -6)*-2 - 54/(-1)?
2, 13
Let g(c) = -12*c**3 - 5*c**2 - 15*c - 15. Let q(k) = 6*k**3 + 3*k**2 + 8*k + 8. Let o(r) = -6*g(r) - 11*q(r). List the prime factors of o(2).
2, 3, 7
List the prime factors of (5 - 2)*698/6.
349
Let t = 14 + -12. Suppose 0 = 3*s - 3, -4*r = 3*s - t*s - 69. What are the prime factors of r?
17
Let d = 524 + 18. List the prime factors of d.
2, 271
Suppose 2920 = 5*m + 2*c - 1346, -5*c = -2*m + 1718. List the prime factors of m.
2, 7, 61
Let c be ((-8)/(-6))/((-1)/(-45)). Suppose 14*h - c = 8*h. What are the prime factors of h?
2, 5
Suppose -71407 = -41*m + 18875. What are the prime factors of m?
2, 3, 367
Let u(s) = -6*s - 14. Let j be u(-3). Let g(d) = -d**2 + 3*d - 2. Let x be g(3). What are the prime factors of (2/j)/(x/(-36))?
3
Suppose 3*k - 15 = -2*k. Suppose -8 = -0*n - 4*n. Suppose -n*q = k*q - 185. List the prime factors of q.
37
Suppose 4*p + 4000 = -176. What are the prime factors of 3 - (-7)/((-28)/p)?
2, 3, 11
Let v be (-18)/((-4)/((-528)/(-9))). Suppose -8*m = 328 + v. Let d = -52 - m. List the prime factors of d.
2, 11
Let w(v) = 1531*v + 218. What are the prime factors of w(2)?
2, 5, 41
Suppose -b + 6*b = 725. Suppose t = s + b, -2*s + 4*s = 0. What are the prime factors of t?
5, 29
Suppose 4*i + 3*y = -14, -1 - 13 = 2*i + 5*y. List the prime factors of 2 + i*(-25)/2.
3
Suppose 3*c = -3*x + 24, 4*c - 8 - 27 = -5*x. Suppose -2*o + 684 = 4*j, 0 = 3*j + c*o - o - 518. What are the prime factors of j?
2, 5, 17
Suppose 4*a - 3*d + 2*d - 109 = 0, d = -5. What are the prime factors of (-135)/(-10)*a/3?
3, 13
Let f = -175 - -291. Suppose -2*x - h - 135 = 0, 66 = -4*x + 4*h - 234. Let u = f + x. What are the prime factors of u?
2, 23
Let a(o) be the first derivative of o**5/30 + 5*o**4/8 + 3*o**3/2 + 6*o**2 + 9. Let r(u) be the second derivative of a(u). What are the prime factors of r(-10)?
59
Let t(m) = 2*m**3 + 6*m**2 - 24*m + 106. List the prime factors of t(8).
2, 661
Suppose -3*t - 3*f - 12 = 0, 9 = -2*t - t - 4*f. Suppose 3*c = 5*d - 121 + 753, -368 = 3*d + c. List the prime factors of d/t - (-10)/35.
2, 3
Let j(v) = -3*v**3 + 52*v**2 + 35*v - 20. List the prime factors of j(17).
2, 3
Let v be 4/26 + 1710/(-130). Let c(b) = -b**2 + 10*b - 4. Let r be c(5). Let l = v + r. What are the prime factors of l?
2
Let f be (-3)/1*1/(-1). Suppose f*h = -h. Suppose -w = h, -82 = -5*s + 4*w - 17. What are the prime factors of s?
13
Let p be -3*(-4)/(-12) + 319. Let y = -62 + p. List the prime factors of y.
2
Let z(k) = 84*k + 1. Let w(d) = -28*d. Let q(n) = 8*w(n) + 3*z(n). List the prime factors of q(1).
31
Let h be 13 - (-6 + 0 + (-3 - -6)). Suppose -40 - h = -8*r. What are the prime factors of r?
7
Let t(b) = 4*b**2 - 3*b + 72. List the prime factors of t(-12).
2, 3, 19
Let v = 2 + 8. Suppose 13*n - 1062 + 334 = 0. Suppose y + 4*p = n, 102 = 2*y - 2*p - v. What are the prime factors of y?
2, 7
Let g = 60 - 57. Suppose 3*l - 124 = g*y - 5*y, 5*l - 236 = 4*y. List the prime factors of l.
2, 11
Let o(h) = 14*h**2 - 47*h + 267. What are the prime factors of o(16)?
3, 1033
Suppose 0*d - 6 = 3*d, 4*v = -3*d - 74. Let h be 1*6 + (-18 - v). Suppose 7*m = h*m + 98. List the prime factors of m.
7
Let x = -7 + 8. Let m(b) = -4 + 12*b + b**2 - 2*b**2 - x - 5. What are the prime factors of m(10)?
2, 5
Let h = 57 + -41. What are the prime factors of (148/h)/(2/8)?
37
List the prime factors of 486/4*(-396)/(11 - 29).
3, 11
Suppose -23*g = -21*g - 18. Suppose -g*c + 13*c = 252. What are the prime factors of c?
3, 7
Suppose h = 3*h - 2598. List the prime factors of h.
3, 433
Let j be 4/6*(-3)/1. Suppose 32 - 40 = 8*v. What are the prime factors of 18*(v - j) + 2?
2, 5
Let o(i) = 7*i + 87. List the prime factors of o(-5).
2, 13
Suppose 1 = 4*t - 7, -4*v = 5*t - 10. Suppose v = 2*x + 5*z - 338, 2*x + x = -4*z + 500. List the prime factors of x.
2, 41
Let m(b) = -b**3 + b**2 + b. Let o(n) = -3*n**3 + 2*n**2 + 3*n + 1. Let d(l) = 17*m(l) - 6*o(l). Let j be d(-5). What are the prime factors of 34 + -1 + -1 + j?
31
Suppose 2*r - 19 = -3*j, 4*r - 3 = j - 2*j. Let a = j + -3. Suppose 2*c + 62 = 4*b, 2*b = b - a*c + 2. List the prime factors of b.
2, 7
Let q be -3*(13/3 - 1). Let x(z) = -z**3 - 11*z**2 - 10*z + 5. Let l be x(q). Let w(a) = a + 4. What are the prime factors of w(l)?
3
Let n be 3 + 2 + -3 - -3. Suppose -4*w = 12, n*w + 119 = 2*a - 104. Suppose 2*i - 2*k = a, 0*k - 56 = -i + 2*k. What are the prime factors of i?
2, 3
Let k be (-3 + 4)/(2/(-6)). Let y = 3 + k. Suppose y = -9*b + 7*b + 30. What are the prime factors of b?
3, 5
Let v be ((-16)/10)/((-4)/50). Suppose 0 = -7*i + 2*i - v, n - 23 = 5*i. Suppose -2*g - 15 + 51 = 4*j, -n*g = 4*j - 52. List the prime factors of g.
2
Suppose 0 = -4*a - 2*r + 7*r + 8, 6 = 3*a - 4*r. Suppose 5*s - a*s + d = -190, -198 = 3*s - 3*d. Let p = -37 - s. What are the prime factors of p?
3
Let u(q) = -65*q + 7. What are the prime factors of u(-7)?
2, 3, 7, 11
Let u = 10 + -14. Let m(w) = -w**2 - 4*w + 3. Let p be m(u). Let z(x) = x**2 - 2. What are the prime factors of z(p)?
7
Suppose 5*w + 2*n - 13604 = 10341, 5*n = 4*w - 19189. L